hat is the thousands digit of 277983?
7
What is the tens digit of 419609?
0
What is the millions digit of 1361298?
1
What is the hundreds digit of 356360?
3
What is the tens digit of 11179653?
5
What is the tens digit of 183474?
7
What is the tens digit of 12369200?
0
What is the thousands digit of 264463?
4
What is the thousands digit of 6361077?
1
What is the tens digit of 858817?
1
What is the tens digit of 692083?
8
What is the millions digit of 3226832?
3
What is the hundred thousands digit of 287241?
2
What is the thousands digit of 26615155?
5
What is the ten millions digit of 28596237?
2
What is the hundreds digit of 1118289?
2
What is the ten millions digit of 39663481?
3
What is the tens digit of 494199?
9
What is the ten thousands digit of 7343974?
4
What is the hundred thousands digit of 2604159?
6
What is the ten thousands digit of 4267632?
6
What is the units digit of 2793854?
4
What is the ten thousands digit of 88778?
8
What is the hundreds digit of 11223341?
3
What is the units digit of 1847640?
0
What is the units digit of 1073833?
3
What is the hundreds digit of 42309518?
5
What is the thousands digit of 2859385?
9
What is the thousands digit of 129688?
9
What is the thousands digit of 884691?
4
What is the units digit of 74342?
2
What is the hundred thousands digit of 1020576?
0
What is the millions digit of 21181478?
1
What is the hundred thousands digit of 11368361?
3
What is the tens digit of 395498?
9
What is the thousands digit of 4344736?
4
What is the tens digit of 192026?
2
What is the units digit of 78146?
6
What is the hundreds digit of 492130?
1
What is the tens digit of 478612?
1
What is the millions digit of 8882988?
8
What is the hundred thousands digit of 1773624?
7
What is the hundred thousands digit of 218657?
2
What is the units digit of 48530?
0
What is the hundreds digit of 572421?
4
What is the hundred thousands digit of 413641?
4
What is the tens digit of 911890?
9
What is the thousands digit of 23531671?
1
What is the units digit of 2633113?
3
What is the hundreds digit of 1145482?
4
What is the hundreds digit of 500879?
8
What is the millions digit of 1838126?
1
What is the ten thousands digit of 25811584?
1
What is the millions digit of 9742426?
9
What is the ten thousands digit of 128121?
2
What is the hundreds digit of 414645?
6
What is the thousands digit of 1044718?
4
What is the hundred thousands digit of 5731576?
7
What is the hundreds digit of 3553628?
6
What is the hundreds digit of 40394?
3
What is the millions digit of 8031326?
8
What is the units digit of 329106?
6
What is the thousands digit of 3896850?
6
What is the ten thousands digit of 482106?
8
What is the tens digit of 2834457?
5
What is the tens digit of 17198721?
2
What is the ten thousands digit of 1498624?
9
What is the hundred thousands digit of 12462093?
4
What is the tens digit of 798545?
4
What is the hundred thousands digit of 14388888?
3
What is the tens digit of 923118?
1
What is the hundred thousands digit of 1351330?
3
What is the tens digit of 494990?
9
What is the ten thousands digit of 20709?
2
What is the hundreds digit of 1100247?
2
What is the ten thousands digit of 4058138?
5
What is the thousands digit of 493700?
3
What is the units digit of 2966120?
0
What is the ten thousands digit of 901511?
0
What is the tens digit of 25855?
5
What is the hundred thousands digit of 1660256?
6
What is the tens digit of 70179?
7
What is the units digit of 5183046?
6
What is the units digit of 4647654?
4
What is the hundred thousands digit of 368023?
3
What is the hundreds digit of 1183969?
9
What is the ten thousands digit of 471133?
7
What is the ten thousands digit of 535197?
3
What is the units digit of 84949?
9
What is the hundred thousands digit of 216635?
2
What is the tens digit of 1513249?
4
What is the tens digit of 597720?
2
What is the units digit of 8841815?
5
What is the tens digit of 982291?
9
What is the hundred thousands digit of 29424785?
4
What is the hundred thousands digit of 3083908?
0
What is the units digit of 273427?
7
What is the hundreds digit of 3698121?
1
What is the thousands digit of 1116487?
6
What is the tens digit of 516671?
7
What is the hundreds digit of 1089231?
2
What is the ten thousands digit of 10001360?
0
What is the hundred thousands digit of 2135349?
1
What is the tens digit of 121788?
8
What is the hundreds digit of 57051?
0
What is the hundred thousands digit of 16626843?
6
What is the hundreds digit of 1003378?
3
What is the ten millions digit of 30494140?
3
What is the hundred thousands digit of 198096?
1
What is the hundred thousands digit of 728121?
7
What is the hundred thousands digit of 173653?
1
What is the thousands digit of 90922?
0
What is the tens digit of 464372?
7
What is the hundred thousands digit of 964659?
9
What is the hundred thousands digit of 502606?
5
What is the units digit of 6972591?
1
What is the hundreds digit of 814023?
0
What is the tens digit of 965676?
7
What is the ten thousands digit of 5728975?
2
What is the hundred thousands digit of 2474515?
4
What is the thousands digit of 14652897?
2
What is the ten thousands digit of 7460045?
6
What is the ten thousands digit of 997566?
9
What is the thousands digit of 5479023?
9
What is the hundreds digit of 633189?
1
What is the units digit of 255487?
7
What is the units digit of 3610882?
2
What is the thousands digit of 290380?
0
What is the ten thousands digit of 39499?
3
What is the thousands digit of 395395?
5
What is the thousands digit of 574330?
4
What is the ten thousands digit of 206388?
0
What is the tens digit of 11617588?
8
What is the ten thousands digit of 7441724?
4
What is the tens digit of 570037?
3
What is the millions digit of 1635339?
1
What is the ten thousands digit of 7199176?
9
What is the tens digit of 415689?
8
What is the thousands digit of 1065872?
5
What is the tens digit of 2868950?
5
What is the ten thousands digit of 2004503?
0
What is the thousands digit of 18771411?
1
What is the hundreds digit of 438478?
4
What is the ten thousands digit of 307229?
0
What is the hundred thousands digit of 8628394?
6
What is the hundred thousands digit of 5351410?
3
What is the tens digit of 9111799?
9
What is the thousands digit of 1336963?
6
What is the thousands digit of 9897524?
7
What is the units digit of 13971965?
5
What is the hundred thousands digit of 4150200?
1
What is the millions digit of 3568184?
3
What is the thousands digit of 177843?
7
What is the hundreds digit of 9389495?
4
What is the thousands digit of 2104939?
4
What is the ten millions digit of 11861819?
1
What is the thousands digit of 4999951?
9
What is the units digit of 647803?
3
What is the thousands digit of 424523?
4
What is the units digit of 4553153?
3
What is the units digit of 7832440?
0
What is the millions digit of 6253889?
6
What is the hundred thousands digit of 101555?
1
What is the hundreds digit of 663749?
7
What is the thousands digit of 1386063?
6
What is the thousands digit of 1353486?
3
What is the tens digit of 2527446?
4
What is the thousands digit of 341074?
1
What is the units digit of 35143?
3
What is the thousands digit of 98574?
8
What is the thousands digit of 34666447?
6
What is the hundred thousands digit of 5909487?
9
What is the units digit of 74609?
9
What is the thousands digit of 160484?
0
What is the tens digit of 3314922?
2
What is the hundreds digit of 1195415?
4
What is the hundreds digit of 46126?
1
What is the tens digit of 13150902?
0
What is the millions digit of 24380723?
4
What is the thousands digit of 7993943?
3
What is the hundreds digit of 57969?
9
What is the tens digit of 529051?
5
What is the tens digit of 715186?
8
What is the ten thousands digit of 7962222?
6
What is the thousands digit of 115421?
5
What is the tens digit of 614252?
5
What is the millions digit of 2465107?
2
What is the hundred thousands digit of 516071?
5
What is the hundreds digit of 2253624?
6
What is the thousands digit of 11650?
1
What is the units digit of 261003?
3
What is the hundreds digit of 203778?
7
What is the tens digit of 681658?
5
What is the thousands digit of 968760?
8
What is the hundreds digit of 1039968?
9
What is the ten thousands digit of 931949?
3
What is the ten thou